{"id":4457,"date":"2016-11-23T21:51:42","date_gmt":"2016-11-23T21:51:42","guid":{"rendered":"http:\/\/www.studioh.com.ve\/Home\/?page_id=4457"},"modified":"2025-12-17T18:20:34","modified_gmt":"2025-12-17T18:20:34","slug":"fotografia-publicitaria-digital","status":"publish","type":"page","link":"https:\/\/www.studioh.com.ve\/Home\/fotografia-publicitaria-digital\/","title":{"rendered":"Fotografias"},"content":{"rendered":"<p>Fotograf\u00eda Publicitaria\t\t\t\t\t\t\t\t\t\t\t\t\t\t<\/p>\n<p><!-- .container --><br \/>\n\t\t\t\t\t\t\t\t <!-- .overlay --><\/p>\n<p><img loading=\"lazy\" decoding=\"async\" width=\"450\" height=\"338\" src=\"https:\/\/www.studioh.com.ve\/Home\/wp-content\/uploads\/2023\/08\/Contenido-Fotografia-2.jpg\" \/>\t\t\t\t\t\t\t\t\t\t\t\t\t\t\t\t\t\t\t\t\t\t\t<\/p>\n<p>Estudio<br \/>\n\t\t\t\t\t\t\t\t\t\t\t\t\t\t\t\t\t\t\t\t\t\t\t\t\t\t\t\t\t\t\t\t\t\t\t\t\tContamos con nuestro propio estudio fotogr\u00e1fico para liberar fotograf\u00edas de productos, modelaje (incluyendo una sala para maquillaje), retratos bajo condiciones en que la iluminaci\u00f3n se encuentra 100% bajo nuestro control.Ubicados en la Urb. Colinas de Bello Monte, le ofrecemos un f\u00e1cil acceso con su respectivo lugar de aparcamiento en condiciones de seguridad \u00f3ptimas para su visita en caso de ser necesaria.<\/p>\n<p><img loading=\"lazy\" decoding=\"async\" width=\"450\" height=\"338\" src=\"https:\/\/www.studioh.com.ve\/Home\/wp-content\/uploads\/2023\/08\/Contenido-Fotografia-6.jpg\" \/>\t\t\t\t\t\t\t\t\t\t\t\t\t\t\t\t\t\t\t\t\t\t\t<\/p>\n<p>Locaciones<br \/>\n\t\t\t\t\t\t\t\t\t\t\t\t\t\t\t\t\t\t\t\t\t\t\t\t\t\t\t\t\t\t\t\t\t\t\t\t\tSi la producci\u00f3n fotogr\u00e1fica lo requiere, nos trasladamos a las locaciones de nuestros clientes con nuestros equipo de iluminaci\u00f3n, accesorios, c\u00e1mara y asistentes de producci\u00f3n.Previamente se hace un estudio del lugar con el objeto de planificar y coordinar las tomas por realizarse.*Algunas especificidades se exponen en los presupuesto respectivos.\u00a0<\/p>\n<p><img loading=\"lazy\" decoding=\"async\" width=\"450\" height=\"338\" src=\"https:\/\/www.studioh.com.ve\/Home\/wp-content\/uploads\/2023\/08\/Contenido-Fotografia-4.jpg\" \/>\t\t\t\t\t\t\t\t\t\t\t\t\t\t\t\t\t\t\t\t\t\t\t<\/p>\n<p>Experiencia<br \/>\n\t\t\t\t\t\t\t\t\t\t\t\t\t\t\t\t\t\t\t\t\t\t\t\t\t\t\t\t\t\t\t\t\t\t\t\t\tContamos con equipos de fotograf\u00eda de \u00faltima generaci\u00f3n pero como sabemos, la destreza y el buen tino provienen de nuestros conocimientos, adquiridos \u00e9stos a trav\u00e9s de estos 25 a\u00f1os de labor.Esta experiencia nos conduce a un proceso en que se toman decisiones en equipo para definir las mejores t\u00e9cnicas con las que debemos abordar un proyecto en particular, la pretensi\u00f3n art\u00edstica que se desea y sobre todo con la vista puesta en lograr el efecto final que se pretende, siempre dado bajo el uso de argumentos y criterios especializados en esta \u00e1rea.\u00a0<\/p>\n<p><img loading=\"lazy\" decoding=\"async\" width=\"450\" height=\"338\" src=\"https:\/\/www.studioh.com.ve\/Home\/wp-content\/uploads\/2023\/08\/Contenido-Fotografia-1.jpg\" \/>\t\t\t\t\t\t\t\t\t\t\t\t\t\t\t\t\t\t\t\t\t\t\t<\/p>\n<p>Smartphones<br \/>\n\t\t\t\t\t\t\t\t\t\t\t\t\t\t\t\t\t\t\t\t\t\t\t\t\t\t\t\t\t\t\t\t\t\t\t\t\tNos estamos en contra del uso de tel\u00e9fonos m\u00f3viles para la realizaci\u00f3n de tomas fotogr\u00e1ficas; ya que \u00e9sta es la tendencia y es la que le facilita al cliente la recreaci\u00f3n de contenidos casuales para sus redes sociales.Sin embargo; hacemos notar que cuando se trata de productos, ambientes y de alimentos; el uso que corresponde para exponer im\u00e1genes impactantes y bien logradas; consiste en reforzar sus publicaciones con fotograf\u00edas profesionales.Un smartphone realiza encuadres pero jam\u00e1s tendr\u00e1 la virtuosidad que ofrece un lente de una c\u00e1mara profesional con su correspondiente equipamiento de iluminaci\u00f3n sin mencionar al fot\u00f3grafo que se encuentra detr\u00e1s del objetivo.\u00a0<\/p>\n<p><img loading=\"lazy\" decoding=\"async\" width=\"450\" height=\"338\" src=\"https:\/\/www.studioh.com.ve\/Home\/wp-content\/uploads\/2023\/08\/Contenido-Fotografia-5.jpg\" \/>\t\t\t\t\t\t\t\t\t\t\t\t\t\t\t\t\t\t\t\t\t\t\t<\/p>\n<p>Google<br \/>\n\t\t\t\t\t\t\t\t\t\t\t\t\t\t\t\t\t\t\t\t\t\t\t\t\t\t\t\t\t\t\t\t\t\t\t\t\tTodos recurrimos a Google Images en la b\u00fasqueda de fotograf\u00edas que por lo general transgreden los Derechos de Autor pero cuando se necesita de fotograf\u00edas que sean fidedignas a su actividad e instalaciones; es cuando este recursos deja de ser \u00fatil y le impele la necesidad de recurrir a su propio stock de fotograf\u00edas.\u00c9ste no solo le ser\u00e1 \u00fatil para sus mensajes en la Internet sino que tambi\u00e9n le proveer\u00e1 de la versatilidad necesaria para la ambientaci\u00f3n de presentaciones, eventos corporativos, cat\u00e1logos de venta, brochures, v\u00eddeos animados e impresiones de todo tipo.*Con su archivo de im\u00e1genes propio har\u00e1 m\u00e1s y maximizar\u00e1 su efectividad.<\/p>\n<p><img loading=\"lazy\" decoding=\"async\" width=\"450\" height=\"338\" src=\"https:\/\/www.studioh.com.ve\/Home\/wp-content\/uploads\/2023\/08\/Contenido-Fotografia-3.jpg\" \/>\t\t\t\t\t\t\t\t\t\t\t\t\t\t\t\t\t\t\t\t\t\t\t<\/p>\n<p>Retoque Digital<br \/>\n\t\t\t\t\t\t\t\t\t\t\t\t\t\t\t\t\t\t\t\t\t\t\t\t\t\t\t\t\t\t\t\t\t\t\t\t\tTodas nuestras tomas son registradas en formato RAW (sin la participaci\u00f3n del software de la c\u00e1mara) y posteriormente reveladas digitalmente utilizando el programa Photoshop o Lightroom para su procesamiento.Ahora bien; en este punto hacemos notar que si no se cuenta con la experiencia necesaria para el manejo de est\u00e1s herramientas; los resultados podr\u00edan ser adversos por lo que nos encargamos de este procesamiento.*Bien podr\u00edamos extender en secci\u00f3n, exponiendo extensas explicaciones t\u00e9cnicas pero ciertamente la resumimos en una sola frase: &#8220;Sabemos lo que hacemos&#8220;.\u00a0<\/p>\n<p><!-- \/row --><\/p>\n<p>Portafolio<br \/>\n\t\t\t\t\t\t\t\t\t\t\t\t\t\t\t\t\t\t\t\t\t\t\t\t\t\t\t\t\t\t\t\t\t\t\t\t\t\t\t\tLe invitamos a darle un vistazo a nuestras galer\u00edas de fotos.<br \/>\n\t\t\t\t\t\t\t\t\t\t\t\t\t\t\t\t\t\t\t\t\t\t\t\t\t\t\t\t\t\t\t\t\t\t\t\t\t\t\t\t<a href=\"https:\/\/www.studioh.com.ve\/Home\/portafolio-fotografia-publicitaria\/\"><br \/>\n\t\t\t\t\t\t\t\t\t\t\t\t\t\t\tPortafolio \t\t\t\t\t\t\t\t\t\t\t\t\t\t<\/a><\/p>\n<p><!-- .container --><br \/>\n\t\t\t\t\t\t\t\t <!-- .overlay --><\/p>\n","protected":false},"excerpt":{"rendered":"<p class=\"excerpt\">Fotograf\u00eda Publicitaria Estudio Contamos con nuestro propio estudio fotogr\u00e1fico para liberar fotograf\u00edas de productos, modelaje (incluyendo una sala para maquillaje), retratos bajo condiciones en que la iluminaci\u00f3n se encuentra 100% bajo nuestro control.Ubicados en la Urb. Colinas de Bello Monte, le ofrecemos un f\u00e1cil acceso con su respectivo lugar de aparcamiento en condiciones de seguridad [&hellip;]<\/p>\n","protected":false},"author":5,"featured_media":0,"parent":0,"menu_order":0,"comment_status":"closed","ping_status":"closed","template":"builder.php","meta":{"footnotes":""},"class_list":["post-4457","page","type-page","status-publish","hentry"],"yoast_head":"<!-- This site is optimized with the Yoast SEO plugin v27.2 - https:\/\/yoast.com\/product\/yoast-seo-wordpress\/ -->\n<title>Abstracta Agencia Digital | Fotograf\u00eda Publicitaria Digital | Caracas<\/title>\n<meta name=\"description\" content=\"Fotograf\u00eda publicitaria en Caracas, t\u00e9cnicas y equipos que utilizamos para la creaci\u00f3n de imagen: C\u00e1maras Canon y Nikon, maquillaje de alimentos, casting y modelos, retoques en photoshop, revelado raw, restaurantes, productos, empresas.\" \/>\n<meta name=\"robots\" content=\"index, follow, max-snippet:-1, max-image-preview:large, max-video-preview:-1\" \/>\n<link rel=\"canonical\" href=\"https:\/\/www.studioh.com.ve\/Home\/fotografia-publicitaria-digital\/\" \/>\n<meta property=\"og:locale\" content=\"es_ES\" \/>\n<meta property=\"og:type\" content=\"article\" \/>\n<meta property=\"og:title\" content=\"Abstracta Agencia Digital | Fotograf\u00eda Publicitaria Digital | Caracas\" \/>\n<meta property=\"og:description\" content=\"Fotograf\u00eda publicitaria en Caracas, t\u00e9cnicas y equipos que utilizamos para la creaci\u00f3n de imagen: C\u00e1maras Canon y Nikon, maquillaje de alimentos, casting y modelos, retoques en photoshop, revelado raw, restaurantes, productos, empresas.\" \/>\n<meta property=\"og:url\" content=\"https:\/\/www.studioh.com.ve\/Home\/fotografia-publicitaria-digital\/\" \/>\n<meta property=\"og:site_name\" content=\"Abstracta Marketing\" \/>\n<meta property=\"article:publisher\" content=\"https:\/\/www.facebook.com\/AbstractaCreative\" \/>\n<meta property=\"article:modified_time\" content=\"2025-12-17T18:20:34+00:00\" \/>\n<meta property=\"og:image\" content=\"https:\/\/www.studioh.com.ve\/Home\/wp-content\/uploads\/2023\/08\/Contenido-Fotografia-2.jpg\" \/>\n<meta name=\"twitter:card\" content=\"summary_large_image\" \/>\n<meta name=\"twitter:site\" content=\"@AbstractaCM\" \/>\n<meta name=\"twitter:label1\" content=\"Tiempo de lectura\" \/>\n\t<meta name=\"twitter:data1\" content=\"3 minutos\" \/>\n<script type=\"application\/ld+json\" class=\"yoast-schema-graph\">{\"@context\":\"https:\/\/schema.org\",\"@graph\":[{\"@type\":\"WebPage\",\"@id\":\"https:\/\/www.studioh.com.ve\/Home\/fotografia-publicitaria-digital\/\",\"url\":\"https:\/\/www.studioh.com.ve\/Home\/fotografia-publicitaria-digital\/\",\"name\":\"Abstracta Agencia Digital | Fotograf\u00eda Publicitaria Digital | Caracas\",\"isPartOf\":{\"@id\":\"https:\/\/www.studioh.com.ve\/Home\/#website\"},\"primaryImageOfPage\":{\"@id\":\"https:\/\/www.studioh.com.ve\/Home\/fotografia-publicitaria-digital\/#primaryimage\"},\"image\":{\"@id\":\"https:\/\/www.studioh.com.ve\/Home\/fotografia-publicitaria-digital\/#primaryimage\"},\"thumbnailUrl\":\"https:\/\/www.studioh.com.ve\/Home\/wp-content\/uploads\/2023\/08\/Contenido-Fotografia-2.jpg\",\"datePublished\":\"2016-11-23T21:51:42+00:00\",\"dateModified\":\"2025-12-17T18:20:34+00:00\",\"description\":\"Fotograf\u00eda publicitaria en Caracas, t\u00e9cnicas y equipos que utilizamos para la creaci\u00f3n de imagen: C\u00e1maras Canon y Nikon, maquillaje de alimentos, casting y modelos, retoques en photoshop, revelado raw, restaurantes, productos, empresas.\",\"breadcrumb\":{\"@id\":\"https:\/\/www.studioh.com.ve\/Home\/fotografia-publicitaria-digital\/#breadcrumb\"},\"inLanguage\":\"es\",\"potentialAction\":[{\"@type\":\"ReadAction\",\"target\":[\"https:\/\/www.studioh.com.ve\/Home\/fotografia-publicitaria-digital\/\"]}]},{\"@type\":\"ImageObject\",\"inLanguage\":\"es\",\"@id\":\"https:\/\/www.studioh.com.ve\/Home\/fotografia-publicitaria-digital\/#primaryimage\",\"url\":\"https:\/\/www.studioh.com.ve\/Home\/wp-content\/uploads\/2023\/08\/Contenido-Fotografia-2.jpg\",\"contentUrl\":\"https:\/\/www.studioh.com.ve\/Home\/wp-content\/uploads\/2023\/08\/Contenido-Fotografia-2.jpg\",\"width\":450,\"height\":338},{\"@type\":\"BreadcrumbList\",\"@id\":\"https:\/\/www.studioh.com.ve\/Home\/fotografia-publicitaria-digital\/#breadcrumb\",\"itemListElement\":[{\"@type\":\"ListItem\",\"position\":1,\"name\":\"Creaci\u00f3n de Imagen para la Internet de Hoy\",\"item\":\"https:\/\/www.studioh.com.ve\/Home\/\"},{\"@type\":\"ListItem\",\"position\":2,\"name\":\"Fotografias\"}]},{\"@type\":\"WebSite\",\"@id\":\"https:\/\/www.studioh.com.ve\/Home\/#website\",\"url\":\"https:\/\/www.studioh.com.ve\/Home\/\",\"name\":\"Abstracta Marketing\",\"description\":\"Agencia Dedicada al Marketing Digital\",\"publisher\":{\"@id\":\"https:\/\/www.studioh.com.ve\/Home\/#organization\"},\"potentialAction\":[{\"@type\":\"SearchAction\",\"target\":{\"@type\":\"EntryPoint\",\"urlTemplate\":\"https:\/\/www.studioh.com.ve\/Home\/?s={search_term_string}\"},\"query-input\":{\"@type\":\"PropertyValueSpecification\",\"valueRequired\":true,\"valueName\":\"search_term_string\"}}],\"inLanguage\":\"es\"},{\"@type\":\"Organization\",\"@id\":\"https:\/\/www.studioh.com.ve\/Home\/#organization\",\"name\":\"Abstracta Marketing\",\"url\":\"https:\/\/www.studioh.com.ve\/Home\/\",\"logo\":{\"@type\":\"ImageObject\",\"inLanguage\":\"es\",\"@id\":\"https:\/\/www.studioh.com.ve\/Home\/#\/schema\/logo\/image\/\",\"url\":\"https:\/\/www.studioh.com.ve\/Home\/wp-content\/uploads\/2016\/09\/logo-studio-h.png\",\"contentUrl\":\"https:\/\/www.studioh.com.ve\/Home\/wp-content\/uploads\/2016\/09\/logo-studio-h.png\",\"width\":120,\"height\":120,\"caption\":\"Abstracta Marketing\"},\"image\":{\"@id\":\"https:\/\/www.studioh.com.ve\/Home\/#\/schema\/logo\/image\/\"},\"sameAs\":[\"https:\/\/www.facebook.com\/AbstractaCreative\",\"https:\/\/x.com\/AbstractaCM\",\"https:\/\/www.instagram.com\/abstractacreative\/\",\"https:\/\/www.linkedin.com\/in\/juan-carlos-hazanow-8b330896\/\",\"https:\/\/www.pinterest.es\/studiohabstracta\/\",\"https:\/\/www.youtube.com\/user\/studiohabstracta?feature=mhee\"]}]}<\/script>\n<!-- \/ Yoast SEO plugin. -->","yoast_head_json":{"title":"Abstracta Agencia Digital | Fotograf\u00eda Publicitaria Digital | Caracas","description":"Fotograf\u00eda publicitaria en Caracas, t\u00e9cnicas y equipos que utilizamos para la creaci\u00f3n de imagen: C\u00e1maras Canon y Nikon, maquillaje de alimentos, casting y modelos, retoques en photoshop, revelado raw, restaurantes, productos, empresas.","robots":{"index":"index","follow":"follow","max-snippet":"max-snippet:-1","max-image-preview":"max-image-preview:large","max-video-preview":"max-video-preview:-1"},"canonical":"https:\/\/www.studioh.com.ve\/Home\/fotografia-publicitaria-digital\/","og_locale":"es_ES","og_type":"article","og_title":"Abstracta Agencia Digital | Fotograf\u00eda Publicitaria Digital | Caracas","og_description":"Fotograf\u00eda publicitaria en Caracas, t\u00e9cnicas y equipos que utilizamos para la creaci\u00f3n de imagen: C\u00e1maras Canon y Nikon, maquillaje de alimentos, casting y modelos, retoques en photoshop, revelado raw, restaurantes, productos, empresas.","og_url":"https:\/\/www.studioh.com.ve\/Home\/fotografia-publicitaria-digital\/","og_site_name":"Abstracta Marketing","article_publisher":"https:\/\/www.facebook.com\/AbstractaCreative","article_modified_time":"2025-12-17T18:20:34+00:00","og_image":[{"url":"https:\/\/www.studioh.com.ve\/Home\/wp-content\/uploads\/2023\/08\/Contenido-Fotografia-2.jpg","type":"","width":"","height":""}],"twitter_card":"summary_large_image","twitter_site":"@AbstractaCM","twitter_misc":{"Tiempo de lectura":"3 minutos"},"schema":{"@context":"https:\/\/schema.org","@graph":[{"@type":"WebPage","@id":"https:\/\/www.studioh.com.ve\/Home\/fotografia-publicitaria-digital\/","url":"https:\/\/www.studioh.com.ve\/Home\/fotografia-publicitaria-digital\/","name":"Abstracta Agencia Digital | Fotograf\u00eda Publicitaria Digital | Caracas","isPartOf":{"@id":"https:\/\/www.studioh.com.ve\/Home\/#website"},"primaryImageOfPage":{"@id":"https:\/\/www.studioh.com.ve\/Home\/fotografia-publicitaria-digital\/#primaryimage"},"image":{"@id":"https:\/\/www.studioh.com.ve\/Home\/fotografia-publicitaria-digital\/#primaryimage"},"thumbnailUrl":"https:\/\/www.studioh.com.ve\/Home\/wp-content\/uploads\/2023\/08\/Contenido-Fotografia-2.jpg","datePublished":"2016-11-23T21:51:42+00:00","dateModified":"2025-12-17T18:20:34+00:00","description":"Fotograf\u00eda publicitaria en Caracas, t\u00e9cnicas y equipos que utilizamos para la creaci\u00f3n de imagen: C\u00e1maras Canon y Nikon, maquillaje de alimentos, casting y modelos, retoques en photoshop, revelado raw, restaurantes, productos, empresas.","breadcrumb":{"@id":"https:\/\/www.studioh.com.ve\/Home\/fotografia-publicitaria-digital\/#breadcrumb"},"inLanguage":"es","potentialAction":[{"@type":"ReadAction","target":["https:\/\/www.studioh.com.ve\/Home\/fotografia-publicitaria-digital\/"]}]},{"@type":"ImageObject","inLanguage":"es","@id":"https:\/\/www.studioh.com.ve\/Home\/fotografia-publicitaria-digital\/#primaryimage","url":"https:\/\/www.studioh.com.ve\/Home\/wp-content\/uploads\/2023\/08\/Contenido-Fotografia-2.jpg","contentUrl":"https:\/\/www.studioh.com.ve\/Home\/wp-content\/uploads\/2023\/08\/Contenido-Fotografia-2.jpg","width":450,"height":338},{"@type":"BreadcrumbList","@id":"https:\/\/www.studioh.com.ve\/Home\/fotografia-publicitaria-digital\/#breadcrumb","itemListElement":[{"@type":"ListItem","position":1,"name":"Creaci\u00f3n de Imagen para la Internet de Hoy","item":"https:\/\/www.studioh.com.ve\/Home\/"},{"@type":"ListItem","position":2,"name":"Fotografias"}]},{"@type":"WebSite","@id":"https:\/\/www.studioh.com.ve\/Home\/#website","url":"https:\/\/www.studioh.com.ve\/Home\/","name":"Abstracta Marketing","description":"Agencia Dedicada al Marketing Digital","publisher":{"@id":"https:\/\/www.studioh.com.ve\/Home\/#organization"},"potentialAction":[{"@type":"SearchAction","target":{"@type":"EntryPoint","urlTemplate":"https:\/\/www.studioh.com.ve\/Home\/?s={search_term_string}"},"query-input":{"@type":"PropertyValueSpecification","valueRequired":true,"valueName":"search_term_string"}}],"inLanguage":"es"},{"@type":"Organization","@id":"https:\/\/www.studioh.com.ve\/Home\/#organization","name":"Abstracta Marketing","url":"https:\/\/www.studioh.com.ve\/Home\/","logo":{"@type":"ImageObject","inLanguage":"es","@id":"https:\/\/www.studioh.com.ve\/Home\/#\/schema\/logo\/image\/","url":"https:\/\/www.studioh.com.ve\/Home\/wp-content\/uploads\/2016\/09\/logo-studio-h.png","contentUrl":"https:\/\/www.studioh.com.ve\/Home\/wp-content\/uploads\/2016\/09\/logo-studio-h.png","width":120,"height":120,"caption":"Abstracta Marketing"},"image":{"@id":"https:\/\/www.studioh.com.ve\/Home\/#\/schema\/logo\/image\/"},"sameAs":["https:\/\/www.facebook.com\/AbstractaCreative","https:\/\/x.com\/AbstractaCM","https:\/\/www.instagram.com\/abstractacreative\/","https:\/\/www.linkedin.com\/in\/juan-carlos-hazanow-8b330896\/","https:\/\/www.pinterest.es\/studiohabstracta\/","https:\/\/www.youtube.com\/user\/studiohabstracta?feature=mhee"]}]}},"_links":{"self":[{"href":"https:\/\/www.studioh.com.ve\/Home\/wp-json\/wp\/v2\/pages\/4457","targetHints":{"allow":["GET"]}}],"collection":[{"href":"https:\/\/www.studioh.com.ve\/Home\/wp-json\/wp\/v2\/pages"}],"about":[{"href":"https:\/\/www.studioh.com.ve\/Home\/wp-json\/wp\/v2\/types\/page"}],"author":[{"embeddable":true,"href":"https:\/\/www.studioh.com.ve\/Home\/wp-json\/wp\/v2\/users\/5"}],"replies":[{"embeddable":true,"href":"https:\/\/www.studioh.com.ve\/Home\/wp-json\/wp\/v2\/comments?post=4457"}],"version-history":[{"count":54,"href":"https:\/\/www.studioh.com.ve\/Home\/wp-json\/wp\/v2\/pages\/4457\/revisions"}],"predecessor-version":[{"id":22942,"href":"https:\/\/www.studioh.com.ve\/Home\/wp-json\/wp\/v2\/pages\/4457\/revisions\/22942"}],"wp:attachment":[{"href":"https:\/\/www.studioh.com.ve\/Home\/wp-json\/wp\/v2\/media?parent=4457"}],"curies":[{"name":"wp","href":"https:\/\/api.w.org\/{rel}","templated":true}]}}